 16 and r?
8
Let t = 919 - 840. What is the highest common factor of t and 158?
79
Let m(g) = g**3 + 64*g**2 - 60*g + 355. Let x be m(-65). Calculate the greatest common factor of x and 435.
15
Let g = -41 + 63. Let m(k) = -k**3 + 13*k**2 + 8*k + 50. Let z be m(13). What is the greatest common factor of g and z?
22
Let f = 147 - 95. Let t = 36 + f. Let q = -19 - -27. Calculate the highest common divisor of t and q.
8
Let m be (150 - (1 - 0)) + -6. What is the highest common divisor of m and 55?
11
Let d(z) = 3*z + 2. Let m be d(5). Suppose -2*g + m = -55. What is the greatest common divisor of g and 108?
36
Let a be (-2)/(15/6 + -3). Suppose -53*s + 10 = -52*s. What is the greatest common divisor of s and a?
2
Suppose -4*n + 5*c + 480 = -27, n = -4*c + 132. What is the greatest common factor of n and 160?
32
Suppose 0 = -2*u - 0*u + 4. Let n be 2 - (-167 + u) - 3*-1. What is the greatest common divisor of 17 and n?
17
Suppose -q + 6*q - 15 = 0. Let d = 43 - q. Let a = 68 + -60. Calculate the highest common factor of a and d.
8
Let z(j) = 5*j + 2. Let b(o) = 85*o + 35. Let u(s) = 4*b(s) - 70*z(s). Let q be u(-1). What is the greatest common factor of q and 25?
5
Let h be 3*((-304)/(-12) + -7). Calculate the highest common divisor of 77 and h.
11
Suppose 1587 - 7619 = -26*d. What is the greatest common divisor of 319 and d?
29
Let q be (-1 + -3 + 10)*(-68)/(-6). Calculate the highest common factor of q and 4.
4
Suppose 90 = -x + 60. Let h = x + 57. What is the highest common divisor of h and 3?
3
Let f = -12 + 18. Suppose 2*u = f*u. Suppose -c = 4*v - 1, u = 3*c - 4*v - 19 - 32. Calculate the greatest common factor of 91 and c.
13
Let j(f) = f**3 + 23*f**2 + 22*f + 22. Let i be j(-20). What is the greatest common factor of 23 and i?
23
Suppose 0 = z + 3*z. Suppose -t + 3*y = 3*t - 253, z = -5*t + 3*y + 317. Calculate the highest common divisor of 160 and t.
32
Let w be ((-555)/75)/((-3)/390). Calculate the highest common factor of 104 and w.
26
Suppose 4*t = 5*t - 19. Let x be (-592)/(-4) - -2 - 2*-1. What is the greatest common divisor of x and t?
19
Let s be (162/(-15))/((-1)/(-5)). Let k = 19 + -49. Let j = k - s. What is the greatest common factor of j and 48?
24
Suppose -175 = 4*i - 751. Suppose 0 = 4*f - 8, -q - f = -0*f - 2. Let s(t) = -t**3 + 16. Let u be s(q). What is the highest common factor of u and i?
16
Suppose 0 = 4*c + 4*t - 332, -2*c - 4*t - 62 = -224. What is the highest common factor of c and 221?
17
Let s(d) = 5 - 2*d + 3 + 2 - 6. Let n be s(-2). What is the highest common divisor of 4 and n?
4
Suppose 0*a = a + 2*z - 148, 4*z = 2*a - 320. Let k be (-9)/(-6)*30/9. Suppose -k*p + 35 = -35. What is the greatest common divisor of p and a?
14
Suppose 12057 = 36*z + 717. What is the greatest common divisor of z and 405?
45
Let o be (70/6)/((-7)/42). Let w be (-4)/(8/o) - -1. Let g be 4/(-6*5/(-90)). What is the greatest common factor of w and g?
12
Let w be (-1773)/6*(-16)/24. Suppose 4*a = -4, 0*q = q - a - w. What is the greatest common factor of q and 28?
28
Suppose -3*a = -3*x + 66, -15 = -x + 5*a + 7. What is the greatest common factor of x and 6?
2
Suppose 139*n - 137*n = 736. Calculate the greatest common divisor of n and 16.
16
Let i = -40 - -38. Let k be 3/(i/((-28)/6)). Let g be (264/(-77))/((-1)/k). What is the greatest common divisor of g and 168?
24
Suppose -4*l = 2*m + 26, -2*l = -0*l + 2*m + 14. Let i be (2/(l/21))/(1/(-4)). What is the greatest common divisor of 8 and i?
4
Let k = 715 + -365. What is the greatest common divisor of k and 56?
14
Let b = 62 + 91. Suppose -4*w = -10 - 22. Suppose 3*i - 36 = 3*s, -3*s - 2*s = -i - w. What is the highest common divisor of i and b?
17
Let d = 38 - -34. Calculate the highest common divisor of 96 and d.
24
Suppose k = -5*g + 245, 9*g - 12*g - 3*k = -159. What is the highest common divisor of 27 and g?
3
Let g(w) = -w**3 - 4*w**2 + 9*w + 1. Let h be g(-6). Suppose -2*b + 35 + 123 = s, 15 = 5*b. What is the highest common divisor of h and s?
19
Let t be (-6)/(-15) - (-4374)/15. Let n = 553 - t. Calculate the highest common divisor of 29 and n.
29
Suppose 3*w + 5*d + 6 = -2, -w = -3*d + 12. Let y be 86*3/w*-1. Suppose y = 4*t + 15. Calculate the highest common divisor of 49 and t.
7
Let v be (12/24*-1)/(1/(-860)). What is the highest common divisor of v and 129?
43
Let d = -49 + 23. Let f = d - -38. Let w = 22 + -10. What is the highest common factor of f and w?
12
Let a be 2/12 - 174/(-36). Suppose 0 = -2*l, -x - a*l + 8*l = -14. What is the greatest common factor of 42 and x?
14
Let f = -5 + -4. Let v be (-2)/(f/(-21) + 92/(-84)). What is the highest common factor of 24 and v?
3
Let h = -6 - -8. Suppose 2*y - 2*f = 10, 0 = -h*y + 3*f + 9 + 5. Suppose 0 = -4*z + 20 - 0. What is the highest common divisor of y and z?
1
Suppose 3*c = m + 1638, 2*c - 6*m - 1102 = -2*m. Calculate the highest common factor of 327 and c.
109
Let d be (-1)/(-2) + (105/(-6))/(-5). Suppose 2*y - 125 = y + 4*g, d*g - 20 = 0. What is the greatest common divisor of y and 58?
29
Let h(p) = 36*p**3 + 11*p**2 - 8*p - 10. Let g be h(3). What is the greatest common divisor of 17 and g?
17
Suppose 2*o = 3*w - 10, -3*w - o - 5 = -18. Calculate the highest common factor of w and 1412.
4
Let o = 60 - 54. Let s be 9/(o/18 - (1 - 1)). Calculate the highest common factor of 216 and s.
27
Suppose -9*u + 209 = 2*u. Calculate the highest common factor of 95 and u.
19
Suppose -2*l - 3*l + 330 = -5*v, 2*l - 4*v - 140 = 0. Let u = 107 - l. Calculate the highest common factor of 15 and u.
15
Suppose -4*u + 2*t + 1688 = 0, -49*u - 2132 = -54*u - 3*t. Calculate the greatest common factor of u and 16.
8
Suppose -3*o + 25 = -5*j, 5*o - 4*j - 49 = -16. Suppose 6*p = 11*p - 305. Let t = p - 36. What is the greatest common factor of t and o?
5
Let j(u) = u - 2. Let p be j(3). Let b = 91 - 79. Let k be ((-46)/b)/(p/(-6)). What is the greatest common divisor of k and 46?
23
Let l = -26 + 41. Let g(x) = 11*x - 6. Let k be g(6). Calculate the highest common factor of l and k.
15
Let h(y) = -y**2 + 5*y + 4. Let b be h(6). Let l = 0 + b. Let t be (6 + -3)*(-2)/l. What is the greatest common factor of t and 27?
3
Let a(v) = v**2 + 3*v + 6. Let s be a(-4). Let o(q) = q + q**2 - 11 + 0*q + 1 - 6*q. Let k be o(10). What is the greatest common factor of k and s?
10
Let z = 12 - 7. Suppose z*o = -0*o. Let m be 12/6 + 1 + o. What is the highest common divisor of m and 6?
3
Let m = 46 - -4. Let x = -48 + m. What is the highest common divisor of 5 and x?
1
Let g be (205/41)/(-1 - (-35)/34). Suppose -3*h - j + 4 + 94 = 0, 5*j - g = -5*h. What is the greatest common divisor of 64 and h?
32
Let l(i) = -i**2 - 5*i - 25. Let j be l(-10). Let k = -45 - j. What is the greatest common factor of k and 240?
30
Let y = 11 - 10. Let f be (6 + 13)/(y + 0). What is the greatest common divisor of 57 and f?
19
Suppose -51*i + 1419 + 1488 = 0. Calculate the highest common factor of i and 21.
3
Suppose -a + 58 = -7. Let u = 280 + -254. Calculate the greatest common factor of u and a.
13
Suppose 0 = 17*z + 16*z - 4290. Calculate the highest common factor of 40 and z.
10
Let o be 2/11 + (-256)/(-44). Suppose 1 - o = -d. Let m = -39 + 64. Calculate the greatest common factor of m and d.
5
Suppose 4*h - 1405 = -99*m + 100*m, 4*h - 1415 = 3*m. What is the highest common factor of h and 650?
50
Suppose 0 = 4*b - z - 2*z - 1, -z = b - 9. What is the highest common factor of b and 74?
2
Let w = 629 + -624. What is the highest common factor of w and 470?
5
Let g(q) = -q**2 - q + 1. Let d(c) = 6*c**2 + 24*c - 20. Let y(s) = -d(s) - 5*g(s). Let i be y(-19). Calculate the highest common divisor of 10 and i.
5
Let y be (-36)/48 + 1539*1/4. What is the greatest common factor of y and 48?
48
Suppose -17*u + o - 110 = -18*u, -208 = -2*u + 4*o. What is the greatest common factor of 9 and u?
9
Let h(a) = -2*a**3 - 5*a**2 + 4*a + 13. Let w be h(-3). Let v be -2 - 63/(-2) - 3/(-6). Calculate the highest common divisor of w and v.
10
Let q(x) = 3*x + 8*x + 4*x**2 + 6 - 2*x - 2*x. Let u be q(-4). Calculate the greatest common factor of 28 and u.
14
Let i be -9 + 16 + 1 + 8. Let b(g) = 31*g + 4. Let p be b(4). Calculate the highest common factor of p and i.
16
Suppose -3*v = -2*k